{"id":4105,"date":"2021-08-30T22:47:57","date_gmt":"2021-08-30T22:47:57","guid":{"rendered":"https:\/\/maris.com.ar\/index.php\/producto\/cafe-creme-arome-oriental\/"},"modified":"2022-04-29T17:20:59","modified_gmt":"2022-04-29T17:20:59","slug":"cafe-creme-arome-oriental","status":"publish","type":"product","link":"https:\/\/maris.com.ar\/index.php\/producto\/cafe-creme-arome-oriental\/","title":{"rendered":"Cafe Cr\u00e9me Ar\u00f4me ( Oriental)"},"content":{"rendered":"<p>Cigarritos Caf\u00e9 Cr\u00e9me Ar\u00f4me (Oriental). Presentaci\u00f3n lata de 10 unidades.<\/p>\n","protected":false},"excerpt":{"rendered":"<p>Cigarritos Caf\u00e9 Cr\u00e9me Ar\u00f4m\u00e9 ( Orienta)l. Presentaci\u00f3n lata de 10 unidades. <a class=\"more-link\" href=\"https:\/\/maris.com.ar\/index.php\/producto\/cafe-creme-arome-oriental\/\"><\/a><\/p>\n","protected":false},"featured_media":4104,"template":"","meta":{"om_disable_all_campaigns":false,"_monsterinsights_skip_tracking":false,"_monsterinsights_sitenote_active":false,"_monsterinsights_sitenote_note":"","_monsterinsights_sitenote_category":0},"product_brand":[],"product_cat":[53],"product_tag":[],"class_list":{"0":"post-4105","1":"product","2":"type-product","3":"status-publish","4":"has-post-thumbnail","6":"product_cat-cigarros-y-habanos","8":"first","9":"instock","10":"shipping-taxable","11":"purchasable","12":"product-type-simple"},"aioseo_notices":[],"_links":{"self":[{"href":"https:\/\/maris.com.ar\/index.php\/wp-json\/wp\/v2\/product\/4105","targetHints":{"allow":["GET"]}}],"collection":[{"href":"https:\/\/maris.com.ar\/index.php\/wp-json\/wp\/v2\/product"}],"about":[{"href":"https:\/\/maris.com.ar\/index.php\/wp-json\/wp\/v2\/types\/product"}],"wp:featuredmedia":[{"embeddable":true,"href":"https:\/\/maris.com.ar\/index.php\/wp-json\/wp\/v2\/media\/4104"}],"wp:attachment":[{"href":"https:\/\/maris.com.ar\/index.php\/wp-json\/wp\/v2\/media?parent=4105"}],"wp:term":[{"taxonomy":"product_brand","embeddable":true,"href":"https:\/\/maris.com.ar\/index.php\/wp-json\/wp\/v2\/product_brand?post=4105"},{"taxonomy":"product_cat","embeddable":true,"href":"https:\/\/maris.com.ar\/index.php\/wp-json\/wp\/v2\/product_cat?post=4105"},{"taxonomy":"product_tag","embeddable":true,"href":"https:\/\/maris.com.ar\/index.php\/wp-json\/wp\/v2\/product_tag?post=4105"}],"curies":[{"name":"wp","href":"https:\/\/api.w.org\/{rel}","templated":true}]}}