{"id":4340,"date":"2021-08-30T22:50:14","date_gmt":"2021-08-30T22:50:14","guid":{"rendered":"https:\/\/maris.com.ar\/index.php\/producto\/mac-baren-aromatic-choice-2\/"},"modified":"2025-06-28T01:08:15","modified_gmt":"2025-06-28T01:08:15","slug":"mac-baren-aromatic-choice-2","status":"publish","type":"product","link":"https:\/\/maris.com.ar\/index.php\/producto\/mac-baren-aromatic-choice-2\/","title":{"rendered":"Mac Baren Aromatic Choice"},"content":{"rendered":"<p>Mac Baren Aromatic Choice es una suave mezcla de tabacos Golden Virginia con Cavendish y un \u00fanico Burley. De exquisito aroma frutal es muy f\u00e1cil de fumar a\u00fan para los menos experimentados fumadores.<\/p>\n","protected":false},"excerpt":{"rendered":"<p>Tabaco para pipa Mac Baren Aromatic Choice. Presentaci\u00f3n paquete de 40 gramos. <a class=\"more-link\" href=\"https:\/\/maris.com.ar\/index.php\/producto\/mac-baren-aromatic-choice-2\/\"><\/a><\/p>\n","protected":false},"featured_media":4339,"template":"","meta":{"om_disable_all_campaigns":false,"_monsterinsights_skip_tracking":false,"_monsterinsights_sitenote_active":false,"_monsterinsights_sitenote_note":"","_monsterinsights_sitenote_category":0},"product_brand":[],"product_cat":[22],"product_tag":[],"class_list":{"0":"post-4340","1":"product","2":"type-product","3":"status-publish","4":"has-post-thumbnail","6":"product_cat-tabaco-para-pipa","8":"first","9":"instock","10":"shipping-taxable","11":"purchasable","12":"product-type-simple"},"aioseo_notices":[],"_links":{"self":[{"href":"https:\/\/maris.com.ar\/index.php\/wp-json\/wp\/v2\/product\/4340","targetHints":{"allow":["GET"]}}],"collection":[{"href":"https:\/\/maris.com.ar\/index.php\/wp-json\/wp\/v2\/product"}],"about":[{"href":"https:\/\/maris.com.ar\/index.php\/wp-json\/wp\/v2\/types\/product"}],"wp:featuredmedia":[{"embeddable":true,"href":"https:\/\/maris.com.ar\/index.php\/wp-json\/wp\/v2\/media\/4339"}],"wp:attachment":[{"href":"https:\/\/maris.com.ar\/index.php\/wp-json\/wp\/v2\/media?parent=4340"}],"wp:term":[{"taxonomy":"product_brand","embeddable":true,"href":"https:\/\/maris.com.ar\/index.php\/wp-json\/wp\/v2\/product_brand?post=4340"},{"taxonomy":"product_cat","embeddable":true,"href":"https:\/\/maris.com.ar\/index.php\/wp-json\/wp\/v2\/product_cat?post=4340"},{"taxonomy":"product_tag","embeddable":true,"href":"https:\/\/maris.com.ar\/index.php\/wp-json\/wp\/v2\/product_tag?post=4340"}],"curies":[{"name":"wp","href":"https:\/\/api.w.org\/{rel}","templated":true}]}}