{"id":4767,"date":"2021-12-05T21:03:43","date_gmt":"2021-12-05T21:03:43","guid":{"rendered":"https:\/\/maris.com.ar\/?post_type=product&#038;p=4767"},"modified":"2026-02-23T18:02:47","modified_gmt":"2026-02-23T18:02:47","slug":"service-de-encendedores-dupont-y-otras-marcas","status":"publish","type":"product","link":"https:\/\/maris.com.ar\/index.php\/producto\/service-de-encendedores-dupont-y-otras-marcas\/","title":{"rendered":"Service de Encendedores Dupont y otras marcas"},"content":{"rendered":"<h3>Taller especializado \u2013 Todas las Marcas<br \/>\nPresupuestos sin cargo \u2013 Garant\u00eda escrita<\/h3>\n<p>Ac\u00e9rquenos su encendedor descompuesto. Realizaremos una verificaci\u00f3n t\u00e9cnica y posteriormente le brindaremos un presupuesto de reparaci\u00f3n sin cargo alguno para usted.<\/p>\n<p>Contamos con amplia experiencia en la actividad para que su encendedor quede bien reparado. Todas las composturas son entregadas con certificado de garant\u00eda escrito.<\/p>\n<p><span style=\"font-size: 18pt;\"><em><strong>Por pago en efectivo: 11,5 % de descuento<span style=\"font-size: 24pt;\"> neto $ 115.000.-<\/span><\/strong><\/em><\/span><\/p>\n<h3><strong>Marcas de encendedores que reparamos:<\/strong><\/h3>\n<p>\u2022 Dupont \u2022 Dunhill\u00a0\u2022 Cartier \u2022 Yves Saint Laurent \u2022 Davidoff \u2022 Christian Dior \u2022 Caram D\u00b4Ache \u2022 Metropol \u2022 Zippo \u2022 Crown \u2022 Batat \u2022 Rowenta \u2022 Colibr\u00ed \u2022 Sarom\u00e9 \u2022 Ronson \u2022 Bronica \u2022 Braun \u2022 Ibelo \u00a0\u2022 Penguin \u2022 otros.<\/p>\n","protected":false},"excerpt":{"rendered":"<p>Service de Encendedores Dupont y otras marcas <a class=\"more-link\" href=\"https:\/\/maris.com.ar\/index.php\/producto\/service-de-encendedores-dupont-y-otras-marcas\/\"><\/a><\/p>\n","protected":false},"featured_media":4896,"template":"","meta":{"om_disable_all_campaigns":false,"_monsterinsights_skip_tracking":false,"_monsterinsights_sitenote_active":false,"_monsterinsights_sitenote_note":"","_monsterinsights_sitenote_category":0},"product_brand":[],"product_cat":[23,53,25,56,28,29,31,22],"product_tag":[],"class_list":{"0":"post-4767","1":"product","2":"type-product","3":"status-publish","4":"has-post-thumbnail","6":"product_cat-accesorios","7":"product_cat-cigarros-y-habanos","8":"product_cat-encendedores","9":"product_cat-pipa","10":"product_cat-pipas","11":"product_cat-puros","12":"product_cat-tabaco-para-armar-cigarrillos","13":"product_cat-tabaco-para-pipa","15":"first","16":"instock","17":"featured","18":"shipping-taxable","19":"purchasable","20":"product-type-simple"},"aioseo_notices":[],"_links":{"self":[{"href":"https:\/\/maris.com.ar\/index.php\/wp-json\/wp\/v2\/product\/4767","targetHints":{"allow":["GET"]}}],"collection":[{"href":"https:\/\/maris.com.ar\/index.php\/wp-json\/wp\/v2\/product"}],"about":[{"href":"https:\/\/maris.com.ar\/index.php\/wp-json\/wp\/v2\/types\/product"}],"wp:featuredmedia":[{"embeddable":true,"href":"https:\/\/maris.com.ar\/index.php\/wp-json\/wp\/v2\/media\/4896"}],"wp:attachment":[{"href":"https:\/\/maris.com.ar\/index.php\/wp-json\/wp\/v2\/media?parent=4767"}],"wp:term":[{"taxonomy":"product_brand","embeddable":true,"href":"https:\/\/maris.com.ar\/index.php\/wp-json\/wp\/v2\/product_brand?post=4767"},{"taxonomy":"product_cat","embeddable":true,"href":"https:\/\/maris.com.ar\/index.php\/wp-json\/wp\/v2\/product_cat?post=4767"},{"taxonomy":"product_tag","embeddable":true,"href":"https:\/\/maris.com.ar\/index.php\/wp-json\/wp\/v2\/product_tag?post=4767"}],"curies":[{"name":"wp","href":"https:\/\/api.w.org\/{rel}","templated":true}]}}