{"id":5363,"date":"2023-03-03T20:03:17","date_gmt":"2023-03-03T20:03:17","guid":{"rendered":"https:\/\/maris.com.ar\/?post_type=product&#038;p=5363"},"modified":"2024-07-24T19:08:11","modified_gmt":"2024-07-24T19:08:11","slug":"5363","status":"publish","type":"product","link":"https:\/\/maris.com.ar\/index.php\/producto\/5363\/","title":{"rendered":"Tapon de Caucho Anti-Evaporaci\u00f3n para Zippo y Enc. Similares"},"content":{"rendered":"<p><strong>Tapon de Caucho Anti-Evaporaci\u00f3n para Zippo y Enc. Similares<\/strong><\/p>\n<p>1 Repuesto para encend. TIPO ZIPPO junta almohadilla de caucho para el interior.-<br \/>\nAYUDA A DISMINUIR LA EVAPORACI\u00d3N DEL FLUIDO, por la obstrucci\u00f3n inferior de dep\u00f3sito del algod\u00f3n estopa que contiene el fluido.<br \/>\nTiene un compartimiento para colocar una piedra de respuesto.<\/p>\n","protected":false},"excerpt":{"rendered":"<p>Tapon de Caucho Anti-Evaporaci\u00f3n para Zippo y Enc. Similares <a class=\"more-link\" href=\"https:\/\/maris.com.ar\/index.php\/producto\/5363\/\"><\/a><\/p>\n","protected":false},"featured_media":4968,"template":"","meta":{"om_disable_all_campaigns":false,"_monsterinsights_skip_tracking":false,"_monsterinsights_sitenote_active":false,"_monsterinsights_sitenote_note":"","_monsterinsights_sitenote_category":0},"product_brand":[],"product_cat":[25,28],"product_tag":[],"class_list":{"0":"post-5363","1":"product","2":"type-product","3":"status-publish","4":"has-post-thumbnail","6":"product_cat-encendedores","7":"product_cat-pipas","9":"first","10":"instock","11":"featured","12":"shipping-taxable","13":"purchasable","14":"product-type-simple"},"aioseo_notices":[],"_links":{"self":[{"href":"https:\/\/maris.com.ar\/index.php\/wp-json\/wp\/v2\/product\/5363","targetHints":{"allow":["GET"]}}],"collection":[{"href":"https:\/\/maris.com.ar\/index.php\/wp-json\/wp\/v2\/product"}],"about":[{"href":"https:\/\/maris.com.ar\/index.php\/wp-json\/wp\/v2\/types\/product"}],"wp:featuredmedia":[{"embeddable":true,"href":"https:\/\/maris.com.ar\/index.php\/wp-json\/wp\/v2\/media\/4968"}],"wp:attachment":[{"href":"https:\/\/maris.com.ar\/index.php\/wp-json\/wp\/v2\/media?parent=5363"}],"wp:term":[{"taxonomy":"product_brand","embeddable":true,"href":"https:\/\/maris.com.ar\/index.php\/wp-json\/wp\/v2\/product_brand?post=5363"},{"taxonomy":"product_cat","embeddable":true,"href":"https:\/\/maris.com.ar\/index.php\/wp-json\/wp\/v2\/product_cat?post=5363"},{"taxonomy":"product_tag","embeddable":true,"href":"https:\/\/maris.com.ar\/index.php\/wp-json\/wp\/v2\/product_tag?post=5363"}],"curies":[{"name":"wp","href":"https:\/\/api.w.org\/{rel}","templated":true}]}}