{"id":5701,"date":"2024-06-18T19:35:23","date_gmt":"2024-06-18T19:35:23","guid":{"rendered":"https:\/\/maris.com.ar\/?post_type=product&#038;p=5701"},"modified":"2025-12-18T18:17:51","modified_gmt":"2025-12-18T18:17:51","slug":"boquilla-con-filtro-permanente-targard-y-cepillo-limpieza","status":"publish","type":"product","link":"https:\/\/maris.com.ar\/index.php\/producto\/boquilla-con-filtro-permanente-targard-y-cepillo-limpieza\/","title":{"rendered":"Boquilla con filtro permanente TarGard y Cepillo limpieza"},"content":{"rendered":"<p><span style=\"font-size: 18pt;\"><strong><span style=\"vertical-align: inherit;\"><span style=\"vertical-align: inherit;\">Sistema permanente lavable para cigarrillos comerciales de 8mm. <\/span><span style=\"vertical-align: inherit;\">Viene con dos boquillas y con 3 juntas &#8211; retenes, Y cepillo original para limpieza.<\/span><\/span><\/strong><\/span><\/p>\n<div data-subtree=\"aimfl,mfl\" data-processed=\"true\">Las boquillas Targard (permanentes y descartables) est\u00e1n dise\u00f1adas para cigarrillos est\u00e1ndar, con un di\u00e1metro que suele rondar los 8mm.<\/div>\n<p>&nbsp;<\/p>\n<p><strong><em>Descuento por pago en efectivo 8%.-<\/em><\/strong><\/p>\n","protected":false},"excerpt":{"rendered":"<p><span style=\"vertical-align: inherit;\"><span style=\"vertical-align: inherit;\">Sistema de filtro permanente para cigarrillos, con 1 cepillo original para limpieza.-<\/span><\/span> <a class=\"more-link\" href=\"https:\/\/maris.com.ar\/index.php\/producto\/boquilla-con-filtro-permanente-targard-y-cepillo-limpieza\/\"><\/a><\/p>\n","protected":false},"featured_media":5702,"template":"","meta":{"om_disable_all_campaigns":false,"_monsterinsights_skip_tracking":false,"_monsterinsights_sitenote_active":false,"_monsterinsights_sitenote_note":"","_monsterinsights_sitenote_category":0},"product_brand":[],"product_cat":[23,53,31],"product_tag":[],"class_list":{"0":"post-5701","1":"product","2":"type-product","3":"status-publish","4":"has-post-thumbnail","6":"product_cat-accesorios","7":"product_cat-cigarros-y-habanos","8":"product_cat-tabaco-para-armar-cigarrillos","10":"first","11":"instock","12":"featured","13":"shipping-taxable","14":"purchasable","15":"product-type-simple"},"aioseo_notices":[],"_links":{"self":[{"href":"https:\/\/maris.com.ar\/index.php\/wp-json\/wp\/v2\/product\/5701","targetHints":{"allow":["GET"]}}],"collection":[{"href":"https:\/\/maris.com.ar\/index.php\/wp-json\/wp\/v2\/product"}],"about":[{"href":"https:\/\/maris.com.ar\/index.php\/wp-json\/wp\/v2\/types\/product"}],"wp:featuredmedia":[{"embeddable":true,"href":"https:\/\/maris.com.ar\/index.php\/wp-json\/wp\/v2\/media\/5702"}],"wp:attachment":[{"href":"https:\/\/maris.com.ar\/index.php\/wp-json\/wp\/v2\/media?parent=5701"}],"wp:term":[{"taxonomy":"product_brand","embeddable":true,"href":"https:\/\/maris.com.ar\/index.php\/wp-json\/wp\/v2\/product_brand?post=5701"},{"taxonomy":"product_cat","embeddable":true,"href":"https:\/\/maris.com.ar\/index.php\/wp-json\/wp\/v2\/product_cat?post=5701"},{"taxonomy":"product_tag","embeddable":true,"href":"https:\/\/maris.com.ar\/index.php\/wp-json\/wp\/v2\/product_tag?post=5701"}],"curies":[{"name":"wp","href":"https:\/\/api.w.org\/{rel}","templated":true}]}}