{"id":5964,"date":"2025-04-23T20:36:18","date_gmt":"2025-04-23T20:36:18","guid":{"rendered":"https:\/\/maris.com.ar\/?post_type=product&#038;p=5964"},"modified":"2025-04-25T21:01:13","modified_gmt":"2025-04-25T21:01:13","slug":"pipa-restaurada-a-nuevo-de-coleccion-francesa-jeantet-555-x-03","status":"publish","type":"product","link":"https:\/\/maris.com.ar\/index.php\/producto\/pipa-restaurada-a-nuevo-de-coleccion-francesa-jeantet-555-x-03\/","title":{"rendered":"Pipa restaurada a nuevo de Colecci\u00f3n, Francesa, JEANTET 855 # X 03  STATE"},"content":{"rendered":"<p><strong><span style=\"font-size: 19px;\">Pipa restaurada a nuevo de Colecci\u00f3n, Francesa, JEANTET 855 # X 03<\/span><\/strong><\/p>\n<p>Con GARANT\u00cdA<\/p>\n<p>DESCRIPCI\u00d3N<\/p>\n<p>JEANTET COGNAC 855\u00a0 \u00a0X 03<\/p>\n<p>La pipa Jeantet N\u00b0 855 Cognac es una pieza cl\u00e1sica de la reconocida marca francesa Jeantet. Fundada en 1816 en Saint-Claude, Jura, Jeantet es conocida por su artesan\u00eda en la fabricaci\u00f3n de pipas de brezo. Esta pipa en particular est\u00e1 hecha de madera de brezo, que es ideal para la fabricaci\u00f3n de pipas debido a su durabilidad y capacidad para resistir el calor.<\/p>\n<p><strong>Caracter\u00edsticas de la Pipa Jeantet N\u00b0 855 Cognac<\/strong><\/p>\n<ul>\n<li><strong>Material de la cazoleta<\/strong>: Madera de brezo<\/li>\n<li><strong>Material de la boquilla<\/strong>: Ebonita<\/li>\n<li><strong>Largo<\/strong>: 140 mm<\/li>\n<li><strong>Alto<\/strong>:50 mm<\/li>\n<li><strong>Ancho de la cazoleta<\/strong>: 39 mm<\/li>\n<li><strong>Profundidad hornillo 38 mm<\/strong><\/li>\n<li><strong>Ancho del hornillo<\/strong>: 25 mm<\/li>\n<li><strong>Peso<\/strong>: 40 g<\/li>\n<li><strong>Filtro<\/strong>: Sin filtro<\/li>\n<\/ul>\n<p>Las pipas Jeantet son conocidas por ofrecer una experiencia de fumado muy agradable, ya que el brezo utilizado para estos modelos ha sido secado durante un largo per\u00edodo de tiempo. Adem\u00e1s, la mayor\u00eda de las pipas Jeantet est\u00e1n equipadas con una boquilla de ebonita .<\/p>\n<p><strong>Antecedentes generales de la marca Jeantet:<\/strong><\/p>\n<ul>\n<li>Jeantet es una de las marcas de pipas m\u00e1s antiguas de Saint-Claude, con ra\u00edces que se remontan a mediados del siglo XIX. Durante su apogeo, fue una de las firmas m\u00e1s prestigiosas de Francia.<\/li>\n<li>Las pipas Jeantet se caracterizan por su acabado detallado, su estilo cl\u00e1sico y su durabilidad. Muchas de ellas tienen formas tradicionales que evocan la elegancia francesa.<\/li>\n<\/ul>\n<p><strong>La Pipa Cognac\u00a0 # 855<\/strong><\/p>\n<ul>\n<li>El modelo &#8220;Cognac&#8221; hace referencia tanto al color c\u00e1lido del acabado como a la forma del cuenco, que puede recordar la silueta de una copa de cognac.<\/li>\n<li>El n\u00famero 855\u00a0probablemente hace referencia al modelo espec\u00edfico dentro de la l\u00ednea Jeantet, diferenci\u00e1ndose en dimensiones o dise\u00f1o.<\/li>\n<li>Estas pipas suelen destacar por su equilibrio entre funcionalidad y est\u00e9tica, ideales tanto para fumadores novatos como para<strong> coleccionistas<\/strong>.<\/li>\n<\/ul>\n<p>La Jeantet Cognac #855 es especialmente apreciada por los amantes de las pipas que buscan piezas cl\u00e1sicas, resistentes y con una rica herencia hist\u00f3rica. Si tienes una, posees un ejemplo de la artesan\u00eda tradicional francesa, probablemente fabricada en las d\u00e9cadas de 1940 a 1970, cuando la marca Jeantet estaba en su apogeo.<\/p>\n","protected":false},"excerpt":{"rendered":"<p><strong><span style=\"font-size: 19px;\">Pipa restaurada a nuevo de Colecci\u00f3n, Francesa, JEANTET 855\u00a0 \u00a0# X 03<\/span><\/strong> <a class=\"more-link\" href=\"https:\/\/maris.com.ar\/index.php\/producto\/pipa-restaurada-a-nuevo-de-coleccion-francesa-jeantet-555-x-03\/\"><\/a><\/p>\n","protected":false},"featured_media":5965,"template":"","meta":{"om_disable_all_campaigns":false,"_monsterinsights_skip_tracking":false,"_monsterinsights_sitenote_active":false,"_monsterinsights_sitenote_note":"","_monsterinsights_sitenote_category":0},"product_brand":[],"product_cat":[56,28,55],"product_tag":[],"class_list":{"0":"post-5964","1":"product","2":"type-product","3":"status-publish","4":"has-post-thumbnail","6":"product_cat-pipa","7":"product_cat-pipas","8":"product_cat-pipas-de-coleccion-restauradas","10":"first","11":"instock","12":"shipping-taxable","13":"purchasable","14":"product-type-simple"},"aioseo_notices":[],"_links":{"self":[{"href":"https:\/\/maris.com.ar\/index.php\/wp-json\/wp\/v2\/product\/5964","targetHints":{"allow":["GET"]}}],"collection":[{"href":"https:\/\/maris.com.ar\/index.php\/wp-json\/wp\/v2\/product"}],"about":[{"href":"https:\/\/maris.com.ar\/index.php\/wp-json\/wp\/v2\/types\/product"}],"wp:featuredmedia":[{"embeddable":true,"href":"https:\/\/maris.com.ar\/index.php\/wp-json\/wp\/v2\/media\/5965"}],"wp:attachment":[{"href":"https:\/\/maris.com.ar\/index.php\/wp-json\/wp\/v2\/media?parent=5964"}],"wp:term":[{"taxonomy":"product_brand","embeddable":true,"href":"https:\/\/maris.com.ar\/index.php\/wp-json\/wp\/v2\/product_brand?post=5964"},{"taxonomy":"product_cat","embeddable":true,"href":"https:\/\/maris.com.ar\/index.php\/wp-json\/wp\/v2\/product_cat?post=5964"},{"taxonomy":"product_tag","embeddable":true,"href":"https:\/\/maris.com.ar\/index.php\/wp-json\/wp\/v2\/product_tag?post=5964"}],"curies":[{"name":"wp","href":"https:\/\/api.w.org\/{rel}","templated":true}]}}