{"id":5970,"date":"2025-04-23T20:58:29","date_gmt":"2025-04-23T20:58:29","guid":{"rendered":"https:\/\/maris.com.ar\/?post_type=product&#038;p=5970"},"modified":"2025-04-25T21:00:56","modified_gmt":"2025-04-25T21:00:56","slug":"pipa-restaurada-a-nuevo-lucerna-st-8-x13","status":"publish","type":"product","link":"https:\/\/maris.com.ar\/index.php\/producto\/pipa-restaurada-a-nuevo-lucerna-st-8-x13\/","title":{"rendered":"Pipa restaurada a nuevo &#8220;LUCERNA&#8221; ST 8&#8243; # x13  STATE"},"content":{"rendered":"<p><span style=\"font-size: 19px;\"><strong>Pipa restaurada a nuevo &#8220;LUCERNA&#8221; # x13<\/strong><\/span><\/p>\n<p>con GARANTIA<\/p>\n<p>DESCRIPCI\u00d3N<\/p>\n<p>X 13\u00a0\u00a0 LUCERNA\u00a0 ST 8<\/p>\n<p>Es posible que &#8220;Lucerna&#8221; sea una marca o artesano menos conocido, y &#8220;ST 8&#8221; podr\u00eda referirse a un n\u00famero de serie, modelo o clasificaci\u00f3n espec\u00edfica dentro de su l\u00ednea de productos. Dado que no se encuentra informaci\u00f3n espec\u00edfica sobre esta pipa, podr\u00eda <span style=\"font-size: 17px;\"><strong><u>tratarse de una pieza rara<\/u><\/strong><\/span> o personalizada.\u200b<\/p>\n<p>La pipa muestra claramente la inscripci\u00f3n <strong>&#8220;LUCERNA&#8221;<\/strong> en el ca\u00f1o de madera, y el dise\u00f1o es cl\u00e1sico, del tipo <strong>billiard recta<\/strong>, con boquilla de acr\u00edlico o ebonita en color negro.<\/p>\n<p><strong>Informaci\u00f3n observada:<\/strong><\/p>\n<ul>\n<li><strong>Marca:<\/strong> Lucerna<\/li>\n<li><strong>Modelo\/tipo:<\/strong> Forma cl\u00e1sica \u201cbilliard\u201d recta<\/li>\n<li><strong>Material:<\/strong> Madera de brezo (briar), muy probable por el veteado visible y el brillo del pulido<\/li>\n<li><strong>Inscripci\u00f3n:<\/strong> LUCERNA (grabado en may\u00fasculas)<\/li>\n<li><strong>Boquilla:<\/strong> Negra, con curvatura ligera en la punta (estilo tradicional europeo)<\/li>\n<\/ul>\n<p><strong>\u00a0Sobre &#8220;Lucerna&#8221;<\/strong><\/p>\n<p>Actualmente, <strong>no hay una marca de pipas ampliamente reconocida llamada &#8220;Lucerna&#8221;<\/strong> dentro de los cat\u00e1logos cl\u00e1sicos (como Savinelli, Peterson, Stanwell, etc.), lo que abre algunas posibilidades:<\/p>\n<ol>\n<li><strong>Marca privada o nacional (Italia, Espa\u00f1a, Suiza o pa\u00edses vecinos).<\/strong><\/li>\n<li><strong>L\u00ednea de producci\u00f3n de una f\u00e1brica mayor:<\/strong> a veces las grandes f\u00e1bricas produc\u00edan marcas \u201cblancas\u201d o secundarias para venta.<\/li>\n<li><strong>Producci\u00f3n artesanal o de taller peque\u00f1o.<\/strong><\/li>\n<\/ol>\n<p>&nbsp;<\/p>\n","protected":false},"excerpt":{"rendered":"<p>Pipa restaurada a nuevo &#8220;LUCERNA&#8221; # x13 <a class=\"more-link\" href=\"https:\/\/maris.com.ar\/index.php\/producto\/pipa-restaurada-a-nuevo-lucerna-st-8-x13\/\"><\/a><\/p>\n","protected":false},"featured_media":5971,"template":"","meta":{"om_disable_all_campaigns":false,"_monsterinsights_skip_tracking":false,"_monsterinsights_sitenote_active":false,"_monsterinsights_sitenote_note":"","_monsterinsights_sitenote_category":0},"product_brand":[],"product_cat":[56,28,55],"product_tag":[],"class_list":{"0":"post-5970","1":"product","2":"type-product","3":"status-publish","4":"has-post-thumbnail","6":"product_cat-pipa","7":"product_cat-pipas","8":"product_cat-pipas-de-coleccion-restauradas","10":"first","11":"instock","12":"shipping-taxable","13":"purchasable","14":"product-type-simple"},"aioseo_notices":[],"_links":{"self":[{"href":"https:\/\/maris.com.ar\/index.php\/wp-json\/wp\/v2\/product\/5970","targetHints":{"allow":["GET"]}}],"collection":[{"href":"https:\/\/maris.com.ar\/index.php\/wp-json\/wp\/v2\/product"}],"about":[{"href":"https:\/\/maris.com.ar\/index.php\/wp-json\/wp\/v2\/types\/product"}],"wp:featuredmedia":[{"embeddable":true,"href":"https:\/\/maris.com.ar\/index.php\/wp-json\/wp\/v2\/media\/5971"}],"wp:attachment":[{"href":"https:\/\/maris.com.ar\/index.php\/wp-json\/wp\/v2\/media?parent=5970"}],"wp:term":[{"taxonomy":"product_brand","embeddable":true,"href":"https:\/\/maris.com.ar\/index.php\/wp-json\/wp\/v2\/product_brand?post=5970"},{"taxonomy":"product_cat","embeddable":true,"href":"https:\/\/maris.com.ar\/index.php\/wp-json\/wp\/v2\/product_cat?post=5970"},{"taxonomy":"product_tag","embeddable":true,"href":"https:\/\/maris.com.ar\/index.php\/wp-json\/wp\/v2\/product_tag?post=5970"}],"curies":[{"name":"wp","href":"https:\/\/api.w.org\/{rel}","templated":true}]}}