{"id":5975,"date":"2025-04-24T20:23:51","date_gmt":"2025-04-24T20:23:51","guid":{"rendered":"https:\/\/maris.com.ar\/?post_type=product&#038;p=5975"},"modified":"2025-04-25T21:00:27","modified_gmt":"2025-04-25T21:00:27","slug":"pipa-recta-restaurada-a-nuevo-lucerna-st-8-x-13","status":"publish","type":"product","link":"https:\/\/maris.com.ar\/index.php\/producto\/pipa-recta-restaurada-a-nuevo-lucerna-st-8-x-13\/","title":{"rendered":"PIpa RECTA restaurada a nuevo &#8220;LUCERNA ST 8 &#8221; # X 13 STATE"},"content":{"rendered":"<p><span style=\"font-size: 19px;\"><strong>PIpa RECTA restaurada a nuevo &#8220;LUCERNA ST 8 &#8221; # X 13<\/strong><\/span><\/p>\n<p>con Garantia<\/p>\n<p>Restaurda a nuevo.<\/p>\n<p>Descripci\u00f3n<\/p>\n<p>Es posible que &#8220;Lucerna&#8221; sea una marca o artesano menos conocido, y &#8220;ST 8&#8221; podr\u00eda referirse a un n\u00famero de serie, modelo o clasificaci\u00f3n espec\u00edfica dentro de su l\u00ednea de productos. Dado que no se encuentra informaci\u00f3n espec\u00edfica sobre esta pipa, podr\u00eda <strong><u>tratarse de una pieza rara<\/u><\/strong> o personalizada.\u200b<\/p>\n<p>Gracias por compartir la imagen. La pipa muestra claramente la inscripci\u00f3n <strong>&#8220;LUCERNA&#8221;<\/strong> en el ca\u00f1o de madera, y el dise\u00f1o es cl\u00e1sico, del tipo <strong>billiard recta<\/strong>, con boquilla de acr\u00edlico o ebonita en color negro.<\/p>\n<p><strong>\u00a0Informaci\u00f3n observada:<\/strong><\/p>\n<ul>\n<li><strong>Marca:<\/strong> Lucerna<\/li>\n<li><strong>Modelo\/tipo:<\/strong> Forma cl\u00e1sica \u201cbilliard\u201d recta<\/li>\n<li><strong>Material:<\/strong> Madera de brezo (briar), muy probable por el veteado visible y el brillo del pulido<\/li>\n<li><strong>Inscripci\u00f3n:<\/strong> LUCERNA (grabado en may\u00fasculas)<\/li>\n<li><strong>Boquilla:<\/strong> Negra, con curvatura ligera en la punta (estilo tradicional europeo)<\/li>\n<\/ul>\n<p><strong>\u00a0Sobre &#8220;Lucerna&#8221;<\/strong><\/p>\n<p>Actualmente, <strong>no hay una marca de pipas ampliamente reconocida llamada &#8220;Lucerna&#8221;<\/strong> dentro de los cat\u00e1logos cl\u00e1sicos (como Savinelli, Peterson, Stanwell, etc.), lo que abre algunas posibilidades:<\/p>\n<ol>\n<li><strong>Marca privada o nacional (Italia, Espa\u00f1a, Suiza o pa\u00edses vecinos).<\/strong><\/li>\n<li><strong>L\u00ednea de producci\u00f3n de una f\u00e1brica mayor:<\/strong> a veces las grandes f\u00e1bricas produc\u00edan marcas \u201cblancas\u201d o secundarias para venta.<\/li>\n<li><strong>Producci\u00f3n artesanal o de taller peque\u00f1o.<\/strong><\/li>\n<\/ol>\n<p>&nbsp;<\/p>\n<p>&nbsp;<\/p>\n","protected":false},"excerpt":{"rendered":"<p>PIpa RECTA restaurada a nuevo &#8220;LUCERNA ST 8 &#8221; # X 13 <a class=\"more-link\" href=\"https:\/\/maris.com.ar\/index.php\/producto\/pipa-recta-restaurada-a-nuevo-lucerna-st-8-x-13\/\"><\/a><\/p>\n","protected":false},"featured_media":5976,"template":"","meta":{"om_disable_all_campaigns":false,"_monsterinsights_skip_tracking":false,"_monsterinsights_sitenote_active":false,"_monsterinsights_sitenote_note":"","_monsterinsights_sitenote_category":0},"product_brand":[],"product_cat":[56,28,55],"product_tag":[],"class_list":{"0":"post-5975","1":"product","2":"type-product","3":"status-publish","4":"has-post-thumbnail","6":"product_cat-pipa","7":"product_cat-pipas","8":"product_cat-pipas-de-coleccion-restauradas","10":"first","11":"instock","12":"shipping-taxable","13":"purchasable","14":"product-type-simple"},"aioseo_notices":[],"_links":{"self":[{"href":"https:\/\/maris.com.ar\/index.php\/wp-json\/wp\/v2\/product\/5975","targetHints":{"allow":["GET"]}}],"collection":[{"href":"https:\/\/maris.com.ar\/index.php\/wp-json\/wp\/v2\/product"}],"about":[{"href":"https:\/\/maris.com.ar\/index.php\/wp-json\/wp\/v2\/types\/product"}],"wp:featuredmedia":[{"embeddable":true,"href":"https:\/\/maris.com.ar\/index.php\/wp-json\/wp\/v2\/media\/5976"}],"wp:attachment":[{"href":"https:\/\/maris.com.ar\/index.php\/wp-json\/wp\/v2\/media?parent=5975"}],"wp:term":[{"taxonomy":"product_brand","embeddable":true,"href":"https:\/\/maris.com.ar\/index.php\/wp-json\/wp\/v2\/product_brand?post=5975"},{"taxonomy":"product_cat","embeddable":true,"href":"https:\/\/maris.com.ar\/index.php\/wp-json\/wp\/v2\/product_cat?post=5975"},{"taxonomy":"product_tag","embeddable":true,"href":"https:\/\/maris.com.ar\/index.php\/wp-json\/wp\/v2\/product_tag?post=5975"}],"curies":[{"name":"wp","href":"https:\/\/api.w.org\/{rel}","templated":true}]}}